
17
Let d(k) = -k + 6. Let b be d(13). Let a(p) = -p**3 - 6*p**2 + 5*p - 8. Let m be a(b). What is the highest common divisor of 6 and m?
6
Suppose 0 = -2*c + 4*c - 8. Suppose w + 38 = 5*u, -4*w + 14 = u - w. Calculate the greatest common factor of u and c.
4
Let o = 19 + -17. Let r be o/(-1)*(-3)/2. Calculate the highest common factor of r and 33.
3
Let m(u) = u**3 + 5*u**2 - 2*u - 7. Let h be m(-5). Suppose -h*d + 5*d = 16. Let t = 29 - -43. Calculate the highest common divisor of t and d.
8
Let z(c) = c**3 - 4*c**2 - 6*c - 9. Let m be z(6). What is the greatest common factor of 108 and m?
27
Suppose -3*y + 65 = -199. Let d = -5 + 7. Suppose -5*q = -h + 13, -4 = -d*h + 3*q + 15. Calculate the greatest common divisor of y and h.
8
Suppose 18 = 2*g - 8. Calculate the highest common divisor of g and 104.
13
Suppose -3*a - 192 - 120 = 0. Let d = -59 - a. Suppose -4*c = -c - 90. Calculate the greatest common factor of d and c.
15
Let f = 13 - 11. Let l be -1 + f + 0/3. What is the highest common factor of 9 and l?
1
Let x be 27/(-9) + (272/(-2))/(-2). What is the greatest common divisor of x and 39?
13
Let u be (4/10)/((-30)/(-10800)). Calculate the greatest common factor of 18 and u.
18
Let k = 149 + -83. Calculate the greatest common divisor of k and 11.
11
Let p = 32 + -2. Suppose 0*u = 3*u - p. Let q(a) = -a**3 + 6*a**2 + 2*a - 5. Let m be q(5). What is the greatest common divisor of m and u?
10
Let k(n) = n**2 + 6*n + 30. Let s be k(-10). Calculate the highest common divisor of s and 14.
14
Let x be ((-9)/45)/(2/(-50)). Calculate the greatest common divisor of x and 40.
5
Let p(d) = -15*d**3 - d**2 - d. Let c be p(-1). What is the greatest common factor of c and 3?
3
Let d be 16/10*45/2. Let t be (4 + (-1)/1)*-1. Let h be t - ((3 - 3) + -15). What is the greatest common divisor of h and d?
12
Suppose -2*m + 434 = -3*k + 87, 2*k + 348 = 2*m. What is the greatest common factor of m and 35?
35
Suppose 2*z - 175 = 23. Let n be 1804/z + (-2)/9. What is the highest common divisor of 36 and n?
18
Suppose 2*g - 5 = 7*g, -5*g + 155 = 4*r. Let z be 24/30*50/5. What is the highest common divisor of z and r?
8
Suppose 3*r + 15 = 3*h, 4 = 2*h + 2. Let i be (-181)/r + 4/(-16). What is the highest common factor of 5 and i?
5
Suppose 18 = -f + 24. Calculate the highest common factor of 30 and f.
6
Let t = 0 - -2. Suppose -t*z + 11 = -13. Suppose -z + 192 = 3*b. Calculate the greatest common factor of b and 15.
15
Suppose 5*q - 21 + 6 = 0. Suppose -5*b = -q*o + 215, 4*o - b = -3*b + 330. What is the greatest common factor of o and 10?
10
Let o = -4 - -40. Suppose o = 4*f - 5*w - 8, 4*f - w - 44 = 0. Suppose -n + 2*n - 11 = 0. Calculate the highest common divisor of f and n.
11
Let h = -4 - -8. Suppose -3*j + 106 = h*i, 3*j - 58 = -2*i - j. Calculate the greatest common divisor of i and 10.
5
Let z be -3 - (0 + (-3 - 2)). Suppose -5*k + l = -13, k - 18 = -z*k + 4*l. Calculate the highest common divisor of 8 and k.
2
Let g = 51 + -31. Calculate the highest common divisor of g and 5.
5
Suppose 0 = -2*h + 8 - 44. Let p = 54 + h. Suppose 0 = 3*y - 2*c - 38, y - c + p = 5*y. What is the highest common factor of y and 70?
10
Let u = 10 - -46. Suppose 4*n - u = -0*n. What is the greatest common divisor of 140 and n?
14
Let y = 116 + -46. Calculate the highest common factor of y and 10.
10
Let s be (-58)/6 - 2/(-3). Let w = -8 - s. Calculate the highest common divisor of w and 8.
1
Suppose 6*u - 60 = -0*u. What is the greatest common divisor of 10 and u?
10
Suppose -i - 44 = -3*i. Calculate the highest common divisor of i and 110.
22
Let o = 3 + -2. Let p(i) = -5*i - 1. Let q be p(o). Let s be ((-9)/q)/(2/36). What is the highest common factor of 18 and s?
9
Let n(b) = -6*b - 1. Let l be n(-3). Suppose 2*g + 3 = l. What is the highest common factor of 35 and g?
7
Suppose 0 = -4*x + 5*x + 6. Let h be (-3)/(x/94) + 1. Let c be 0 + 15 + (-1)/(-1). What is the highest common factor of c and h?
16
Let h be (-47 + 2)*2/(-6). Suppose 0 = -4*p + w + 124, -w - 2*w = 4*p - 124. Let f = -16 + p. What is the greatest common divisor of h and f?
15
Let b be 2/(-5) - 1908/(-45). Let q = -22 + b. Let i(h) = h**2 + 4*h - 2. Let g be i(4). Calculate the highest common factor of q and g.
10
Let q(d) = -5*d - 2 + 3 - 2*d. Let j be (-3 - -4)/((-1)/2). Let o be q(j). What is the highest common divisor of o and 165?
15
Suppose -16*o + 654 = 206. What is the highest common divisor of o and 84?
28
Let g(h) = h. Let a be g(3). What is the highest common divisor of 6 and a?
3
Suppose -4 = -3*c + 4*i, -6 = 3*i - 6*i. Suppose -24 = c*p - 216. Let w(q) = 15*q**2 - 2*q - 1. Let v be w(-1). What is the highest common factor of v and p?
16
Suppose 5*w - 3*v - 621 = -192, -w + 83 = -2*v. What is the greatest common divisor of 29 and w?
29
Suppose -4*p = -5 - 87. Calculate the greatest common divisor of p and 46.
23
Let q(v) = 11*v**2 - 2*v. Let t be q(2). Calculate the greatest common divisor of t and 16.
8
Suppose -3*k + 360 = 2*k. Suppose -5*o = 2*c - 553 + k, 0 = -4*o - 4. What is the highest common divisor of 27 and c?
27
Let l be 1*16 - (4 - 5). What is the highest common factor of l and 17?
17
Suppose -55 = -2*o - 251. Let z = o + 143. Let c be ((-18)/(-15))/(6/z). What is the greatest common divisor of 9 and c?
9
Suppose -2*b + 286 = 264. What is the highest common factor of 275 and b?
11
Suppose 5*d - 2*c = 0, 4*c - 20 = -0*c. Calculate the highest common divisor of 7 and d.
1
Let x be (-2)/(-8)*(0 + 8). Let j be ((-12)/16)/(x/(-72)). What is the highest common factor of 3 and j?
3
Let z(s) = 5*s - 20. Let l be z(7). What is the highest common divisor of l and 105?
15
Let l = 5 + 19. Calculate the highest common divisor of 3 and l.
3
Let x = 76 + 67. Calculate the highest common factor of 11 and x.
11
Let v(d) = -11*d - 3. Let s be v(-3). Calculate the highest common divisor of 10 and s.
10
Let g = 36 + 16. Let j = g + -29. Suppose -1 - j = -2*s. What is the highest common factor of s and 132?
12
Let r(i) = i + 3. Let c be r(-5). Let x be (-7)/c*4/7. Suppose -6*l + 52 = -x*l. What is the greatest common divisor of l and 52?
13
Let l(c) = -5*c - 1. Let r be l(-1). Suppose 0 = r*h + 1 - 9. What is the highest common factor of 22 and h?
2
Suppose 0 = 3*f - 12. Let c(l) = 3*l - 10. Let w(g) = -3*g + 11. Let t(n) = 7*c(n) + 6*w(n). Let o be t(f). Calculate the greatest common divisor of 8 and o.
8
Let w be (-1 + -1)/(2/4). Let i be 9/(9/(-48)*w). What is the greatest common factor of 30 and i?
6
Suppose 0 = 12*x - 17*x + 310. What is the greatest common divisor of 2 and x?
2
Let y be 6/9 + 102/9. Let t(i) = -42*i. Let h be t(-2). Calculate the highest common factor of y and h.
12
Let f be 2724/36 - 1/(-3). Calculate the greatest common divisor of 19 and f.
19
Let a(z) = z**3 + 6*z**2 - z - 4. Let h be a(-6). Suppose 2*j + 4 - 12 = 0. What is the greatest common factor of h and j?
2
Let n(a) = -5*a - 14. Let k be n(-6). What is the greatest common factor of 32 and k?
16
Let o be -34 - ((-1 - 0) + -1). Let b = o + 47. Calculate the highest common factor of b and 6.
3
Suppose -3*v + 5 = -w, -5*v = -10*v + 4*w - 1. Calculate the highest common divisor of 27 and v.
3
Let z = -19 - -55. What is the greatest common divisor of 84 and z?
12
Let g(q) = q**3 - 7*q**2 + q. Let d be g(7). What is the highest common divisor of d and 7?
7
Let b be -3*(-3 + 20/(-6)). Calculate the greatest common divisor of 76 and b.
19
Let q(l) = -l**2 - 10*l - 6. Let b be q(-7). Suppose -6*k + 4 = -4*k. Let v(w) = 17*w - 4. Let y be v(k). What is the highest common divisor of b and y?
15
Let d be 3/(3/4) - 0. Suppose -5*j = -z + 3*z + 9, 3*j - z = -1. Let s be j*((-6)/3 - 34). What is the greatest common divisor of s and d?
4
Let j(k) = 9*k + 2. Let p be j(2). Calculate the highest common divisor of 40 and p.
20
Let w(m) be the third derivative of -m**6/120 - m**5/15 - m**4/6 + 2*m**3/3 + m**2. Let d be w(-4). Calculate the greatest common divisor of 30 and d.
10
Let q = -118 - -124. Let f(m) = 3*m**2 + 8*m + 7. Suppose 3 = -v - 2. Let r be f(v). Calculate the greatest common factor of r and q.
6
Suppose -6*o - 3 = -7*o. Suppose 3*d - 138 = -o*u, -4*u - 4*d + 229 = -9*d. What is the highest common factor of 34 and u?
17
Le